{"id":60,"date":"2025-09-17T09:31:06","date_gmt":"2025-09-17T07:31:06","guid":{"rendered":"https:\/\/hub.imt-atlantique.fr\/concours-cdp\/?page_id=60"},"modified":"2025-10-06T09:29:56","modified_gmt":"2025-10-06T07:29:56","slug":"laureats-coup-de-pouce-nantes-2024","status":"publish","type":"page","link":"https:\/\/hub.imt-atlantique.fr\/concours-cdp\/?page_id=60","title":{"rendered":"Laur\u00e9ats Coup de Pouce Nantes 2024"},"content":{"rendered":"\n<figure class=\"wp-block-image size-large\"><img loading=\"lazy\" decoding=\"async\" width=\"1024\" height=\"166\" src=\"https:\/\/hub.imt-atlantique.fr\/concours-cdp\/wp-content\/uploads\/2025\/09\/Capture-decran-2025-09-10-150211-1024x166.png\" alt=\"\" class=\"wp-image-109\" srcset=\"https:\/\/hub.imt-atlantique.fr\/concours-cdp\/wp-content\/uploads\/2025\/09\/Capture-decran-2025-09-10-150211-1024x166.png 1024w, https:\/\/hub.imt-atlantique.fr\/concours-cdp\/wp-content\/uploads\/2025\/09\/Capture-decran-2025-09-10-150211-300x49.png 300w, https:\/\/hub.imt-atlantique.fr\/concours-cdp\/wp-content\/uploads\/2025\/09\/Capture-decran-2025-09-10-150211-768x124.png 768w, https:\/\/hub.imt-atlantique.fr\/concours-cdp\/wp-content\/uploads\/2025\/09\/Capture-decran-2025-09-10-150211-1536x248.png 1536w, https:\/\/hub.imt-atlantique.fr\/concours-cdp\/wp-content\/uploads\/2025\/09\/Capture-decran-2025-09-10-150211.png 1874w\" sizes=\"auto, (max-width: 1024px) 100vw, 1024px\" \/><\/figure>\n\n\n\n<h3 class=\"wp-block-heading\">1er prix &#8211; dotation de 10 000\u20ac : Thomas Salvignol de MONELECTROBOX<\/h3>\n\n\n\n<p><strong>MONELECTROBOX<\/strong>, une box pour apprendre l\u2019\u00e9lectronique et la programmation en s\u2019amusant, et<br>r\u00e9ussir \u00e0 fabriquer soi-m\u00eame des objets du quotidien : r\u00e9veil-lumi\u00e8re, station-m\u00e9t\u00e9o, distributeur de croquettes, etc.<\/p>\n\n\n\n<p><br>Tr\u00e8s cr\u00e9atif, Thomas Salvignol a toujours aim\u00e9 les jeux de construction et a ensuite d\u00e9couvert la programmation au<br>coll\u00e8ge. Voulant allier ses deux passions, il commande des cartes programmables, une pi\u00e8ce d\u00e9tach\u00e9e en \u00e9lectronique. \u00c0<br>t\u00e2tons, il d\u00e9couvre en autodidacte comment cela fonctionne et ce qu\u2019il peut en faire concr\u00e8tement. Sans aucune de base,<br>il r\u00e9ussit \u00e0 fabriquer tout seul un lanceur de volants de badminton, un trieur de monnaie et m\u00eame un distributeur de<br>croquettes pour son chien.<br>C\u2019est l\u00e0 que lui vient l\u2019id\u00e9e de cr\u00e9er \u00ab MONELECTROBOX \u00bb : la premi\u00e8re box qui rend l&rsquo;apprentissage de l&rsquo;\u00e9lectronique et<br>du codage simple, ludique et accessible \u00e0 tous. \u00c0 travers une box envoy\u00e9e tous les deux mois, les abonn\u00e9s re\u00e7oivent les<br>pi\u00e8ces (que Thomas Salvignol fabrique lui-m\u00eame) et la notice pour assembler eux-m\u00eames, un objet \u00e9lectronique du<br>quotidien comme un r\u00e9veil-lumi\u00e8re, une station-m\u00e9t\u00e9o ou encore le jeu du labyrinthe. La box est en kit et les pi\u00e8ces,<br>toutes r\u00e9utilisables, peuvent servir \u00e0 composer \u00e0 l\u2019infini, d\u2019autres objets si l\u2019abonn\u00e9 en a l\u2019envie.<br>Premier laur\u00e9at du Concours \u00ab Coup de Pouce \u00bb, Thomas Salvignol a plusieurs pistes pour utiliser la dotation de la<br>Fondation Le Roch-Les Mousquetaires : l\u2019achat de mat\u00e9riel (une imprimante 3D pour fabriquer les pi\u00e8ces d\u2019assemblage), la<br>communication ou encore la cr\u00e9ation d\u2019un logiciel en ligne pour que les abonn\u00e9s puissent coder directement avec l\u2019IA.<\/p>\n\n\n\n<p><br>Site internet :<a href=\"https:\/\/monelectrobox.fr\/?srsltid=AfmBOopk7Ai2dA8L8OSGnubaSBnOnlwiF3VZ7guR1mgtX9sgBxa4-Cob\"> www.monelectrobox.fr<\/a><\/p>\n\n\n\n<div class=\"wp-block-columns is-layout-flex wp-container-core-columns-is-layout-9d6595d7 wp-block-columns-is-layout-flex\">\n<div class=\"wp-block-column is-layout-flow wp-block-column-is-layout-flow\">\n<figure class=\"wp-block-image size-full\"><img loading=\"lazy\" decoding=\"async\" width=\"865\" height=\"444\" src=\"https:\/\/hub.imt-atlantique.fr\/concours-cdp\/wp-content\/uploads\/2025\/09\/Capture-decran-2025-09-01-115917.png\" alt=\"\" class=\"wp-image-78\" srcset=\"https:\/\/hub.imt-atlantique.fr\/concours-cdp\/wp-content\/uploads\/2025\/09\/Capture-decran-2025-09-01-115917.png 865w, https:\/\/hub.imt-atlantique.fr\/concours-cdp\/wp-content\/uploads\/2025\/09\/Capture-decran-2025-09-01-115917-300x154.png 300w, https:\/\/hub.imt-atlantique.fr\/concours-cdp\/wp-content\/uploads\/2025\/09\/Capture-decran-2025-09-01-115917-768x394.png 768w\" sizes=\"auto, (max-width: 865px) 100vw, 865px\" \/><\/figure>\n<\/div>\n\n\n\n<div class=\"wp-block-column is-layout-flow wp-block-column-is-layout-flow\">\n<figure class=\"wp-block-image size-full is-resized\"><img loading=\"lazy\" decoding=\"async\" width=\"478\" height=\"680\" src=\"https:\/\/hub.imt-atlantique.fr\/concours-cdp\/wp-content\/uploads\/2025\/09\/Capture-decran-2025-09-01-115924.png\" alt=\"\" class=\"wp-image-79\" style=\"width:454px;height:auto\" srcset=\"https:\/\/hub.imt-atlantique.fr\/concours-cdp\/wp-content\/uploads\/2025\/09\/Capture-decran-2025-09-01-115924.png 478w, https:\/\/hub.imt-atlantique.fr\/concours-cdp\/wp-content\/uploads\/2025\/09\/Capture-decran-2025-09-01-115924-211x300.png 211w\" sizes=\"auto, (max-width: 478px) 100vw, 478px\" \/><\/figure>\n<\/div>\n<\/div>\n\n\n\n<h3 class=\"wp-block-heading\">2e prix &#8211; dotation de 6 000\u20ac : Yoan Malinge de LA PALETI\u00c8RE<\/h3>\n\n\n\n<p><strong>LA PALETI\u00c8RE<\/strong>, Une solution de r\u00e9emploi de pales d&rsquo;\u00e9oliennes en fin de vie pour des applications dans la construction. <\/p>\n\n\n\n<p>Seulement 20% des composites \u00e9oliens sont recycl\u00e9s, tandis que d\u2019ici 2026, la France comptera 10 000 tonnes de d\u00e9chets li\u00e9es aux \u00e9oliennes (chiffres de l\u2019ADEME). La dur\u00e9e de vie des \u00e9oliennes est de 20 \u00e0 30 ans. Avec un pic d\u2019installations dans les ann\u00e9es 2005, le gisement ne devrait donc pas tarder \u00e0 exploser. Il est donc urgent de trouver des solutions viables pour emmagasiner ce gisement.<br>La start-up La Paleti\u00e8re a la solution : cr\u00e9er une fili\u00e8re de r\u00e9emploi des composites, \u00e0 commencer par les pales d&rsquo;\u00e9oliennes puis les autres secteurs (\u00e9olien, naval, a\u00e9ronautique), avec des applications dans la construction. Un premier produit est en cours de d\u00e9veloppement. Il consiste \u00e0 transformer les pales d\u2019\u00e9oliennes en tuiles de toit, avec une efficacit\u00e9 thermique reconnue et \u00e0 un tarif accessible (co\u00fbts \u00e9quivalents aux tuiles en terre cuite et 2 \u00e0 3 fois moins cher que les tuiles d\u2019ardoise). Par ailleurs, de nombreux tests sont actuellement en cours comme la r\u00e9sistance au feu ou encore \u00e0 l\u2019arrachement.<br>Second laur\u00e9at du Concours \u00ab Coup de Pouce \u00bb, la dotation de la Fondation Le Roch-Les Mousquetaires servira \u00e0<br>d\u00e9velopper la communication du projet afin de mieux se faire conna\u00eetre et de trouver de nouveaux partenaires et projetsde construction.<\/p>\n\n\n\n<div class=\"wp-block-columns is-layout-flex wp-container-core-columns-is-layout-9d6595d7 wp-block-columns-is-layout-flex\">\n<div class=\"wp-block-column is-layout-flow wp-block-column-is-layout-flow\">\n<figure class=\"wp-block-image size-full\"><img loading=\"lazy\" decoding=\"async\" width=\"929\" height=\"458\" src=\"https:\/\/hub.imt-atlantique.fr\/concours-cdp\/wp-content\/uploads\/2025\/09\/Capture-decran-2025-09-01-115742.png\" alt=\"\" class=\"wp-image-76\" srcset=\"https:\/\/hub.imt-atlantique.fr\/concours-cdp\/wp-content\/uploads\/2025\/09\/Capture-decran-2025-09-01-115742.png 929w, https:\/\/hub.imt-atlantique.fr\/concours-cdp\/wp-content\/uploads\/2025\/09\/Capture-decran-2025-09-01-115742-300x148.png 300w, https:\/\/hub.imt-atlantique.fr\/concours-cdp\/wp-content\/uploads\/2025\/09\/Capture-decran-2025-09-01-115742-768x379.png 768w\" sizes=\"auto, (max-width: 929px) 100vw, 929px\" \/><\/figure>\n<\/div>\n\n\n\n<div class=\"wp-block-column is-layout-flow wp-block-column-is-layout-flow\">\n<figure class=\"wp-block-image size-full is-resized\"><img loading=\"lazy\" decoding=\"async\" width=\"448\" height=\"639\" src=\"https:\/\/hub.imt-atlantique.fr\/concours-cdp\/wp-content\/uploads\/2025\/09\/Capture-decran-2025-09-01-115806.png\" alt=\"\" class=\"wp-image-77\" style=\"width:338px;height:auto\" srcset=\"https:\/\/hub.imt-atlantique.fr\/concours-cdp\/wp-content\/uploads\/2025\/09\/Capture-decran-2025-09-01-115806.png 448w, https:\/\/hub.imt-atlantique.fr\/concours-cdp\/wp-content\/uploads\/2025\/09\/Capture-decran-2025-09-01-115806-210x300.png 210w\" sizes=\"auto, (max-width: 448px) 100vw, 448px\" \/><\/figure>\n<\/div>\n<\/div>\n\n\n\n<h3 class=\"wp-block-heading\"><br>3e prix &#8211; dotation de 4 000\u20ac : Antoine Fr\u00e9our de QUARTIER LIBRE<\/h3>\n\n\n\n<p><strong>QUARTIER LIBRE<\/strong>, la start-up qui redynamise les milieux ruraux, \u00e0 travers des projets de<br>r\u00e9habilitation de b\u00e2timents vides, centres-villes d\u00e9sert\u00e9s ou friches urbaines.<\/p>\n\n\n\n<p><br>En Loire-Atlantique, pas moins de 6% des b\u00e2timents sont vacants. Cela repr\u00e9sente 45 000 logements, soit l\u2019int\u00e9gralit\u00e9 des<br>logements d\u2019une ville comme Saint-Nazaire. Paradoxalement, les territoires, en particulier ruraux, font face \u00e0 des d\u00e9fis<br>majeurs : besoin de cr\u00e9er de nouveaux logements accessibles et redynamisation n\u00e9cessaire des centres-villes.<br>L\u2019id\u00e9e de la start-up Quartier Libre est de r\u00e9investir des lieux ruraux et p\u00e9riurbains pour les faire revivre, en proposant<br>soit une solution de logement, soit un projet de lien social pour le territoire. Et elle n\u2019en est pas \u00e0 son coup d\u2019essai.<br>Quartier Libre a en effet d\u00e9j\u00e0 quelques r\u00e9alisations \u00e0 son actif, par exemple :<br><strong>Le Terrier <\/strong>: Une ancienne maison d\u2019\u00e9clusier qui, avec l\u2019automatisation progressive du canal, s\u2019est vue vid\u00e9e et laiss\u00e9e<br>sans vie. Elle a \u00e9t\u00e9 transform\u00e9e en b\u00e2timent r\u00e9versible : une guinguette festive et un g\u00eete touristique l\u2019\u00e9t\u00e9, et un<br>logement d\u2019urgence pour familles en pr\u00e9carit\u00e9 l\u2019hiver.<br>R\u00e9habilitation d\u2019un presbyt\u00e8re : Un b\u00e2timent sous-exploit\u00e9 au c\u0153ur de la ville. Apr\u00e8s une consultation citoyenne, la<br>volont\u00e9 est qu\u2019il soit r\u00e9investi en un lieu de convivialit\u00e9 au rez-de-chauss\u00e9e et en nouveaux logements dans les<br>\u00e9tages.<br><strong>Manoir de Praud<\/strong> : Folie Rez\u00e9enne situ\u00e9e au milieu d\u2019un parc public accessible \u00e0 tous, la volont\u00e9 habitante et<br>municipale est de r\u00e9habiliter le b\u00e2timent en un lieu de convivialit\u00e9 et culturel en rez-de-chauss\u00e9e et en salles multiusages dans les \u00e9tages (ateliers, espace de s\u00e9minaires et coworking, etc.)<br>Troisi\u00e8mes laur\u00e9ats, Antoine Fr\u00e9our et Brody Boudailler utiliseront la dotation du Concours \u00ab Coup de Pouce \u00bb de la<br>Fondation Le Roch-Les Mousquetaires pour accompagner les collectivit\u00e9s rurales qui manquent parfois de moyens pour<br>engager ces projets n\u00e9cessaires \u00e0 leur redynamisation.<\/p>\n\n\n\n<div class=\"wp-block-columns is-layout-flex wp-container-core-columns-is-layout-9d6595d7 wp-block-columns-is-layout-flex\">\n<div class=\"wp-block-column is-layout-flow wp-block-column-is-layout-flow\">\n<figure class=\"wp-block-image size-full\"><img loading=\"lazy\" decoding=\"async\" width=\"853\" height=\"517\" src=\"https:\/\/hub.imt-atlantique.fr\/concours-cdp\/wp-content\/uploads\/2025\/09\/Capture-decran-2025-09-01-115211-1.png\" alt=\"\" class=\"wp-image-74\" srcset=\"https:\/\/hub.imt-atlantique.fr\/concours-cdp\/wp-content\/uploads\/2025\/09\/Capture-decran-2025-09-01-115211-1.png 853w, https:\/\/hub.imt-atlantique.fr\/concours-cdp\/wp-content\/uploads\/2025\/09\/Capture-decran-2025-09-01-115211-1-300x182.png 300w, https:\/\/hub.imt-atlantique.fr\/concours-cdp\/wp-content\/uploads\/2025\/09\/Capture-decran-2025-09-01-115211-1-768x465.png 768w\" sizes=\"auto, (max-width: 853px) 100vw, 853px\" \/><\/figure>\n<\/div>\n\n\n\n<div class=\"wp-block-column is-layout-flow wp-block-column-is-layout-flow\">\n<figure class=\"wp-block-image size-full is-resized\"><img loading=\"lazy\" decoding=\"async\" width=\"532\" height=\"675\" src=\"https:\/\/hub.imt-atlantique.fr\/concours-cdp\/wp-content\/uploads\/2025\/09\/Capture-decran-2025-09-01-115301-1.png\" alt=\"\" class=\"wp-image-75\" style=\"width:333px;height:auto\" srcset=\"https:\/\/hub.imt-atlantique.fr\/concours-cdp\/wp-content\/uploads\/2025\/09\/Capture-decran-2025-09-01-115301-1.png 532w, https:\/\/hub.imt-atlantique.fr\/concours-cdp\/wp-content\/uploads\/2025\/09\/Capture-decran-2025-09-01-115301-1-236x300.png 236w\" sizes=\"auto, (max-width: 532px) 100vw, 532px\" \/><\/figure>\n<\/div>\n<\/div>\n\n\n\n<p><\/p>\n","protected":false},"excerpt":{"rendered":"<p>1er prix &#8211; dotation de 10 000\u20ac : Thomas Salvignol de MONELECTROBOX MONELECTROBOX, une box pour apprendre l\u2019\u00e9lectronique et la programmation en s\u2019amusant, etr\u00e9ussir \u00e0 fabriquer soi-m\u00eame des objets du quotidien : r\u00e9veil-lumi\u00e8re, station-m\u00e9t\u00e9o, distributeur de croquettes, etc. Tr\u00e8s cr\u00e9atif, Thomas Salvignol a toujours aim\u00e9 les jeux de construction et a ensuite d\u00e9couvert la programmation&hellip;&nbsp;<a href=\"https:\/\/hub.imt-atlantique.fr\/concours-cdp\/?page_id=60\" rel=\"bookmark\"><span class=\"screen-reader-text\">Laur\u00e9ats Coup de Pouce Nantes 2024<\/span><\/a><\/p>\n","protected":false},"author":1,"featured_media":0,"parent":13,"menu_order":0,"comment_status":"closed","ping_status":"closed","template":"","meta":{"neve_meta_sidebar":"","neve_meta_container":"","neve_meta_enable_content_width":"","neve_meta_content_width":0,"neve_meta_title_alignment":"","neve_meta_author_avatar":"","neve_post_elements_order":"","neve_meta_disable_header":"","neve_meta_disable_footer":"","neve_meta_disable_title":"","footnotes":""},"class_list":["post-60","page","type-page","status-publish","hentry"],"_links":{"self":[{"href":"https:\/\/hub.imt-atlantique.fr\/concours-cdp\/index.php?rest_route=\/wp\/v2\/pages\/60","targetHints":{"allow":["GET"]}}],"collection":[{"href":"https:\/\/hub.imt-atlantique.fr\/concours-cdp\/index.php?rest_route=\/wp\/v2\/pages"}],"about":[{"href":"https:\/\/hub.imt-atlantique.fr\/concours-cdp\/index.php?rest_route=\/wp\/v2\/types\/page"}],"author":[{"embeddable":true,"href":"https:\/\/hub.imt-atlantique.fr\/concours-cdp\/index.php?rest_route=\/wp\/v2\/users\/1"}],"replies":[{"embeddable":true,"href":"https:\/\/hub.imt-atlantique.fr\/concours-cdp\/index.php?rest_route=%2Fwp%2Fv2%2Fcomments&post=60"}],"version-history":[{"count":6,"href":"https:\/\/hub.imt-atlantique.fr\/concours-cdp\/index.php?rest_route=\/wp\/v2\/pages\/60\/revisions"}],"predecessor-version":[{"id":110,"href":"https:\/\/hub.imt-atlantique.fr\/concours-cdp\/index.php?rest_route=\/wp\/v2\/pages\/60\/revisions\/110"}],"up":[{"embeddable":true,"href":"https:\/\/hub.imt-atlantique.fr\/concours-cdp\/index.php?rest_route=\/wp\/v2\/pages\/13"}],"wp:attachment":[{"href":"https:\/\/hub.imt-atlantique.fr\/concours-cdp\/index.php?rest_route=%2Fwp%2Fv2%2Fmedia&parent=60"}],"curies":[{"name":"wp","href":"https:\/\/api.w.org\/{rel}","templated":true}]}}