{"id":126,"date":"2022-07-13T08:37:58","date_gmt":"2022-07-13T06:37:58","guid":{"rendered":"https:\/\/hub.imt-atlantique.fr\/rak\/?page_id=126"},"modified":"2026-01-07T16:17:48","modified_gmt":"2026-01-07T15:17:48","slug":"horaires","status":"publish","type":"page","link":"https:\/\/hub.imt-atlantique.fr\/rak\/?page_id=126","title":{"rendered":"Horaires"},"content":{"rendered":"\n<div style=\"height:28px\" aria-hidden=\"true\" class=\"wp-block-spacer\"><\/div>\n\n\n\n<h2 class=\"wp-block-heading\"><strong>Restaurant :<\/strong><\/h2>\n\n\n\n<p>Voici les horaires pour l&rsquo;acc\u00e8s au self :<\/p>\n\n\n\n<figure class=\"wp-block-table\"><table><thead><tr><th><\/th><th>Lundi au vendredi<\/th><th>Jours f\u00e9ri\u00e9s<\/th><th>Vacances scolaires<\/th><\/tr><\/thead><tbody><tr><th>D\u00e9jeuner<\/th><td>11h30 &#8211; 13h15<\/td><td>12h15-13h00<\/td><td>11h45 &#8211; 13h<\/td><\/tr><tr><th>D\u00eener<\/th><td>19h15 &#8211; 20h<\/td><td>19h15 &#8211; 20h<\/td><td>19h15 &#8211; 20h<\/td><\/tr><\/tbody><\/table><\/figure>\n\n\n\n<div style=\"height:39px\" aria-hidden=\"true\" class=\"wp-block-spacer\"><\/div>\n\n\n\n<p><\/p>\n\n\n\n<h2 class=\"wp-block-heading\"><strong>Caf\u00e9t\u00e9ria<\/strong> &#8211; accessible pour IMT Atlantique<\/h2>\n\n\n\n<div class=\"wp-block-media-text is-stacked-on-mobile\"><figure class=\"wp-block-media-text__media\"><img loading=\"lazy\" decoding=\"async\" width=\"640\" height=\"427\" src=\"https:\/\/hub.imt-atlantique.fr\/rak\/wp-content\/uploads\/2025\/08\/teacup.jpg\" alt=\"\" class=\"wp-image-487 size-full\" srcset=\"https:\/\/hub.imt-atlantique.fr\/rak\/wp-content\/uploads\/2025\/08\/teacup.jpg 640w, https:\/\/hub.imt-atlantique.fr\/rak\/wp-content\/uploads\/2025\/08\/teacup-300x200.jpg 300w\" sizes=\"auto, (max-width: 640px) 100vw, 640px\" \/><\/figure><div class=\"wp-block-media-text__content\">\n<p>Horaire d&rsquo;ouverture du bar au centre vie IMT Atlantique :<\/p>\n\n\n\n<p>de 7h45 \u00e0 14h00 <\/p>\n\n\n\n<p>et de 15h00 \u00e0 17h00<\/p>\n<\/div><\/div>\n\n\n\n<p><\/p>\n\n\n\n<p><\/p>\n","protected":false},"excerpt":{"rendered":"<p>Restaurant : Voici les horaires pour l&rsquo;acc\u00e8s au self : Lundi au vendredi Jours f\u00e9ri\u00e9s Vacances scolaires D\u00e9jeuner 11h30 &#8211; 13h15 12h15-13h00 11h45 &#8211; 13h D\u00eener 19h15 &#8211; 20h 19h15 &#8211; 20h 19h15 &#8211; 20h Caf\u00e9t\u00e9ria &#8211; accessible pour IMT Atlantique Horaire d&rsquo;ouverture du bar au centre vie IMT Atlantique : de 7h45 \u00e0 14h00 [&hellip;]<\/p>\n","protected":false},"author":1,"featured_media":0,"parent":446,"menu_order":0,"comment_status":"closed","ping_status":"closed","template":"","meta":{"_acf_changed":false,"iawp_total_views":65,"footnotes":""},"class_list":["post-126","page","type-page","status-publish","hentry"],"acf":[],"_links":{"self":[{"href":"https:\/\/hub.imt-atlantique.fr\/rak\/index.php?rest_route=\/wp\/v2\/pages\/126","targetHints":{"allow":["GET"]}}],"collection":[{"href":"https:\/\/hub.imt-atlantique.fr\/rak\/index.php?rest_route=\/wp\/v2\/pages"}],"about":[{"href":"https:\/\/hub.imt-atlantique.fr\/rak\/index.php?rest_route=\/wp\/v2\/types\/page"}],"author":[{"embeddable":true,"href":"https:\/\/hub.imt-atlantique.fr\/rak\/index.php?rest_route=\/wp\/v2\/users\/1"}],"replies":[{"embeddable":true,"href":"https:\/\/hub.imt-atlantique.fr\/rak\/index.php?rest_route=%2Fwp%2Fv2%2Fcomments&post=126"}],"version-history":[{"count":13,"href":"https:\/\/hub.imt-atlantique.fr\/rak\/index.php?rest_route=\/wp\/v2\/pages\/126\/revisions"}],"predecessor-version":[{"id":755,"href":"https:\/\/hub.imt-atlantique.fr\/rak\/index.php?rest_route=\/wp\/v2\/pages\/126\/revisions\/755"}],"up":[{"embeddable":true,"href":"https:\/\/hub.imt-atlantique.fr\/rak\/index.php?rest_route=\/wp\/v2\/pages\/446"}],"wp:attachment":[{"href":"https:\/\/hub.imt-atlantique.fr\/rak\/index.php?rest_route=%2Fwp%2Fv2%2Fmedia&parent=126"}],"curies":[{"name":"wp","href":"https:\/\/api.w.org\/{rel}","templated":true}]}}