{"id":435,"date":"2025-04-08T14:50:54","date_gmt":"2025-04-08T12:50:54","guid":{"rendered":"https:\/\/hub.imt-atlantique.fr\/rak\/?page_id=435"},"modified":"2025-10-21T14:55:23","modified_gmt":"2025-10-21T12:55:23","slug":"labels-valeurs","status":"publish","type":"page","link":"https:\/\/hub.imt-atlantique.fr\/rak\/?page_id=435","title":{"rendered":"Labels\/valeurs"},"content":{"rendered":"\n<p>L&rsquo;association est fi\u00e8re de compter dans ses rangs du personnel comp\u00e9tent pour r\u00e9pondre aux exigences de la restauration. Ainsi vous trouverez plusieurs corps de m\u00e9tiers : cuisiniers, p\u00e2tissiers, l\u00e9gumiers, magasiniers, plongistes, personnels de service, g\u00e9rant.<\/p>\n\n\n\n<div style=\"height:43px\" aria-hidden=\"true\" class=\"wp-block-spacer\"><\/div>\n\n\n\n<h2 class=\"wp-block-heading\">Producteurs locaux :<\/h2>\n\n\n\n<p>Parmis nos fournisseurs, producteurs locaux et\/ou bio sont \u00e9galement sollicit\u00e9s :<\/p>\n\n\n\n<figure class=\"wp-block-image size-full is-resized\"><img loading=\"lazy\" decoding=\"async\" width=\"859\" height=\"670\" src=\"https:\/\/hub.imt-atlantique.fr\/rak\/wp-content\/uploads\/2025\/10\/carte-finistere.jpg\" alt=\"\" class=\"wp-image-738\" style=\"width:577px;height:auto\" srcset=\"https:\/\/hub.imt-atlantique.fr\/rak\/wp-content\/uploads\/2025\/10\/carte-finistere.jpg 859w, https:\/\/hub.imt-atlantique.fr\/rak\/wp-content\/uploads\/2025\/10\/carte-finistere-300x234.jpg 300w, https:\/\/hub.imt-atlantique.fr\/rak\/wp-content\/uploads\/2025\/10\/carte-finistere-768x599.jpg 768w\" sizes=\"auto, (max-width: 859px) 100vw, 859px\" \/><\/figure>\n\n\n\n<div style=\"height:26px\" aria-hidden=\"true\" class=\"wp-block-spacer\"><\/div>\n\n\n\n<h2 class=\"wp-block-heading\">Diversifions notre r\u00e9gime alimentaire ! <\/h2>\n\n\n\n<p>A ce jour d&rsquo;\u00e9normes energies sont mises \u00e0 contribution pour la production alimentaire, quantit\u00e9 de produits sont utilis\u00e9s et les aliments traversent les fronti\u00e8res et les oc\u00e9ans. Ce type de production et ce transport incessant \u00e0 une r\u00e9percussion importante sur la plan\u00e8te et sur le vivant, il devient donc crucial de revenir sur une alimentation respectueuse et raisonn\u00e9e.<\/p>\n\n\n\n<p>Dans cette optique le conseil d&rsquo;administration du Rak accueil et encourage les d\u00e9marches en faveur du d\u00e9veloppement durable : projet \u00e9tudiant, politique anti-gaspillage, consommation locale et diversification de l&rsquo;alimentation.<\/p>\n\n\n\n<p>Le rak emploie les cuisiniers et les p\u00e2tissers n\u00e9cessaires pour \u00e9viter un maximum les produits transform\u00e9s.  Des formations sont r\u00e9guli\u00e8rement suivies, comme par exemple pour am\u00e9liorer et d\u00e9velopper les repas v\u00e9g\u00e9tariens. <\/p>\n\n\n\n<p><\/p>\n\n\n\n<p>Lors du conseil d&rsquo;administration du 22 f\u00e9vrier 2024, le conseil a \u00e9mis le souhait de mettre en avant cette comp\u00e9tence : la pr\u00e9paration des plats v\u00e9g\u00e9tariens contribue \u00e0 la diminution des achats d&rsquo;aliments transform\u00e9s. De plus le conseil a souhait\u00e9 promouvoir l&rsquo;alternance des repas dites \u00ab\u00a0carn\u00e9s\u00a0\u00bb et \u00ab\u00a0v\u00e9g\u00e9tariennes\u00a0\u00bb : ainsi un r\u00e9duction de 10cents est appliqu\u00e9e sur les plats v\u00e9g\u00e9tariens<sub>  <\/sub><\/p>\n\n\n\n<div style=\"height:66px\" aria-hidden=\"true\" class=\"wp-block-spacer\"><\/div>\n\n\n\n<h2 class=\"wp-block-heading\">Gestion des d\u00e9chets au RAK <\/h2>\n\n\n\n<p>Comme toutes structures, le rak contribue \u00e9galement \u00e0 certaines pollutions. La plus visible est celle des d\u00e9chets : livraison, emballage, restes alimentaires<\/p>\n\n\n\n<p>Ainsi certaines actions sont men\u00e9es par le restaurant pour diminuer ses d\u00e9chets :<\/p>\n\n\n\n<ul class=\"wp-block-list\">\n<li>les menus sont pr\u00e9vus \u00e0 l&rsquo;avance<\/li>\n\n\n\n<li>Suivi des fr\u00e9quentations pour estimer la bonne quantit\u00e9<\/li>\n\n\n\n<li>D\u00e9chets envoy\u00e9s \u00e0 une soci\u00e9t\u00e9 de m\u00e9thanisation :\n<ul class=\"wp-block-list\">\n<li>La m\u00e9thanisation est un processus biologique qui permet de produire du biogaz (m\u00e9thane) g\u00e9n\u00e9r\u00e9 par les biod\u00e9chets et de l&rsquo;utiliser comme source d&rsquo;\u00e9nergie avec un retour au sol du digestat (r\u00e9sidu de m\u00e9thanisation) <\/li>\n<\/ul>\n<\/li>\n\n\n\n<li>Dans le respect des normes d&rsquo;hygi\u00e8nes, les restes sont resservis au Rak ou mis  disposition dans un distributeur<\/li>\n<\/ul>\n\n\n\n<p><\/p>\n\n\n\n<p>Ce que les usagers peuvent faire : <\/p>\n\n\n\n<ul class=\"wp-block-list\">\n<li>demander \u00e0 ajuster les quantit\u00e9s lors des services<\/li>\n\n\n\n<li>tri des d\u00e9chets des plateaux <\/li>\n<\/ul>\n\n\n\n<div style=\"height:68px\" aria-hidden=\"true\" class=\"wp-block-spacer\"><\/div>\n\n\n\n<h2 class=\"wp-block-heading\">EGALIM:<\/h2>\n\n\n\n<p>La loi pour l\u2019\u00e9quilibre des relations commerciales dans le secteur agricole et une alimentation saine et durable, d\u00e9finitivement vot\u00e9e le 2 octobre 2018 \u00e0 l&rsquo;Assembl\u00e9e nationale, a \u00e9t\u00e9 promulgu\u00e9e le 1er novembre 2018.<\/p>\n\n\n\n<p>Cette loi est issue des \u00c9tats g\u00e9n\u00e9raux de l&rsquo;alimentation (EGalim), engagement du Pr\u00e9sident de la R\u00e9publique, qui se sont d\u00e9roul\u00e9s du 20 juillet au 21 d\u00e9cembre 2017. Ateliers nationaux, r\u00e9gionaux et locaux, consultation publique, ont offert un temps de r\u00e9flexion partag\u00e9e et de construction collective de solutions nouvelles.<\/p>\n\n\n\n<p><a href=\"https:\/\/agriculture.gouv.fr\/restauration-collective-1\">Page du minist\u00e8re<\/a><\/p>\n\n\n\n<p><\/p>\n","protected":false},"excerpt":{"rendered":"<p>L&rsquo;association est fi\u00e8re de compter dans ses rangs du personnel comp\u00e9tent pour r\u00e9pondre aux exigences de la restauration. Ainsi vous trouverez plusieurs corps de m\u00e9tiers : cuisiniers, p\u00e2tissiers, l\u00e9gumiers, magasiniers, plongistes, personnels de service, g\u00e9rant. Producteurs locaux : Parmis nos fournisseurs, producteurs locaux et\/ou bio sont \u00e9galement sollicit\u00e9s : Diversifions notre r\u00e9gime alimentaire ! A [&hellip;]<\/p>\n","protected":false},"author":16,"featured_media":0,"parent":446,"menu_order":0,"comment_status":"closed","ping_status":"closed","template":"","meta":{"_acf_changed":false,"iawp_total_views":30,"footnotes":""},"class_list":["post-435","page","type-page","status-publish","hentry"],"acf":[],"_links":{"self":[{"href":"https:\/\/hub.imt-atlantique.fr\/rak\/index.php?rest_route=\/wp\/v2\/pages\/435","targetHints":{"allow":["GET"]}}],"collection":[{"href":"https:\/\/hub.imt-atlantique.fr\/rak\/index.php?rest_route=\/wp\/v2\/pages"}],"about":[{"href":"https:\/\/hub.imt-atlantique.fr\/rak\/index.php?rest_route=\/wp\/v2\/types\/page"}],"author":[{"embeddable":true,"href":"https:\/\/hub.imt-atlantique.fr\/rak\/index.php?rest_route=\/wp\/v2\/users\/16"}],"replies":[{"embeddable":true,"href":"https:\/\/hub.imt-atlantique.fr\/rak\/index.php?rest_route=%2Fwp%2Fv2%2Fcomments&post=435"}],"version-history":[{"count":13,"href":"https:\/\/hub.imt-atlantique.fr\/rak\/index.php?rest_route=\/wp\/v2\/pages\/435\/revisions"}],"predecessor-version":[{"id":741,"href":"https:\/\/hub.imt-atlantique.fr\/rak\/index.php?rest_route=\/wp\/v2\/pages\/435\/revisions\/741"}],"up":[{"embeddable":true,"href":"https:\/\/hub.imt-atlantique.fr\/rak\/index.php?rest_route=\/wp\/v2\/pages\/446"}],"wp:attachment":[{"href":"https:\/\/hub.imt-atlantique.fr\/rak\/index.php?rest_route=%2Fwp%2Fv2%2Fmedia&parent=435"}],"curies":[{"name":"wp","href":"https:\/\/api.w.org\/{rel}","templated":true}]}}